 when 177847 is divided by 12.
7
Calculate the remainder when 232075 is divided by 21095.
30
Calculate the remainder when 71742 is divided by 44.
22
What is the remainder when 99 is divided by 27?
18
Calculate the remainder when 157864 is divided by 544.
104
What is the remainder when 424717 is divided by 18?
7
Calculate the remainder when 117348 is divided by 595.
133
What is the remainder when 28559 is divided by 68?
67
What is the remainder when 126838 is divided by 64?
54
What is the remainder when 23418 is divided by 164?
130
Calculate the remainder when 70165 is divided by 17534.
29
Calculate the remainder when 20854 is divided by 485.
484
What is the remainder when 1528 is divided by 74?
48
What is the remainder when 756 is divided by 120?
36
What is the remainder when 1778 is divided by 296?
2
What is the remainder when 684618 is divided by 9?
6
Calculate the remainder when 252046 is divided by 114.
106
What is the remainder when 4572 is divided by 1006?
548
What is the remainder when 93577 is divided by 18708?
37
What is the remainder when 17539 is divided by 42?
25
What is the remainder when 88162 is divided by 3673?
10
What is the remainder when 651552 is divided by 14?
6
What is the remainder when 84146 is divided by 99?
95
Calculate the remainder when 216 is divided by 96.
24
What is the remainder when 27824 is divided by 902?
764
Calculate the remainder when 108437 is divided by 278.
17
Calculate the remainder when 10785 is divided by 2684.
49
What is the remainder when 13011 is divided by 12893?
118
Calculate the remainder when 39999 is divided by 1290.
9
What is the remainder when 5643 is divided by 938?
15
Calculate the remainder when 58544 is divided by 19490.
74
What is the remainder when 310630 is divided by 56?
54
Calculate the remainder when 11990663 is divided by 18.
17
What is the remainder when 41579 is divided by 150?
29
What is the remainder when 131524 is divided by 65751?
22
What is the remainder when 107820 is divided by 2246?
12
Calculate the remainder when 51446 is divided by 4676.
10
Calculate the remainder when 39334 is divided by 498.
490
Calculate the remainder when 507 is divided by 244.
19
Calculate the remainder when 631318 is divided by 40.
38
What is the remainder when 18129 is divided by 6030?
39
Calculate the remainder when 35530 is divided by 24.
10
What is the remainder when 20929 is divided by 250?
179
What is the remainder when 18286 is divided by 3027?
124
Calculate the remainder when 3123 is divided by 37.
15
What is the remainder when 3667 is divided by 1215?
22
Calculate the remainder when 255665 is divided by 63904.
49
What is the remainder when 680 is divided by 23?
13
Calculate the remainder when 22309 is divided by 1170.
79
What is the remainder when 106381 is divided by 264?
253
What is the remainder when 807 is divided by 790?
17
What is the remainder when 2774 is divided by 1329?
116
What is the remainder when 89937 is divided by 29968?
33
Calculate the remainder when 5953 is divided by 1977.
22
Calculate the remainder when 2726 is divided by 340.
6
Calculate the remainder when 257335 is divided by 135.
25
Calculate the remainder when 1366 is divided by 61.
24
Calculate the remainder when 41210 is divided by 33.
26
Calculate the remainder when 1786 is divided by 64.
58
What is the remainder when 98547 is divided by 53?
20
What is the remainder when 9862 is divided by 189?
34
Calculate the remainder when 30724 is divided by 2560.
4
Calculate the remainder when 6156 is divided by 2025.
81
Calculate the remainder when 130530 is divided by 86.
68
What is the remainder when 194325 is divided by 111?
75
Calculate the remainder when 1854 is divided by 1771.
83
What is the remainder when 485 is divided by 206?
73
Calculate the remainder when 51554 is divided by 51545.
9
Calculate the remainder when 82968 is divided by 19.
14
Calculate the remainder when 8735 is divided by 1574.
865
What is the remainder when 274357 is divided by 380?
377
What is the remainder when 1345689 is divided by 16?
9
What is the remainder when 467 is divided by 347?
120
What is the remainder when 7980 is divided by 221?
24
What is the remainder when 2342 is divided by 2195?
147
What is the remainder when 2944 is divided by 78?
58
What is the remainder when 196739 is divided by 787?
776
Calculate the remainder when 35692 is divided by 97.
93
What is the remainder when 1090 is divided by 4?
2
Calculate the remainder when 160429 is divided by 287.
283
Calculate the remainder when 4383 is divided by 1093.
11
What is the remainder when 3977 is divided by 124?
9
Calculate the remainder when 90917 is divided by 180.
17
What is the remainder when 5807 is divided by 20?
7
Calculate the remainder when 21953 is divided by 36.
29
What is the remainder when 4890 is divided by 203?
18
What is the remainder when 21096 is divided by 21?
12
Calculate the remainder when 1167 is divided by 145.
7
What is the remainder when 1212 is divided by 172?
8
Calculate the remainder when 5188 is divided by 1361.
1105
What is the remainder when 264899 is divided by 18?
11
What is the remainder when 4358 is divided by 146?
124
What is the remainder when 21938 is divided by 4380?
38
Calculate the remainder when 42788 is divided by 26.
18
What is the remainder when 9159 is divided by 108?
87
Calculate the remainder when 10443 is divided by 1305.
3
What is the remainder when 375 is divided by 165?
45
Calculate the remainder when 15741 is divided by 32.
29
Calculate the remainder when 206976 is divided by 26.
16
What is the remainder when 170313 is divided by 18?
15
What is the remainder when 7295 is divided by 3?
2
What is the remainder when 89678 is divided by 303?
293
Calculate the remainder when 15365 is divided by 308.
273
Calculate the remainder when 14824 is divided by 337.
333
What is the remainder when 49502 is divided by 224?
222
What is the remainder when 527207 is divided by 664?
655
Calculate the remainder when 13538 is divided by 302.
250
Calculate the remainder when 7277 is divided by 437.
285
What is the remainder when 64559 is divided by 5?
4
Calculate the remainder when 4664 is divided by 656.
72
What is the remainder when 3390 is divided by 111?
60
What is the remainder when 4939 is divided by 242?
99
Calculate the remainder when 299849 is divided by 23.
21
What is the remainder when 139022 is divided by 67?
64
Calculate the remainder when 5662 is divided by 1386.
118
Calculate the remainder when 7413 is divided by 1482.
3
What is the remainder when 260962 is divided by 52189?
17
What is the remainder when 1243 is divided by 23?
1
Calculate the remainder when 722327 is divided by 93.
89
Calculate the remainder when 1256190 is divided by 628086.
18
What is the remainder when 1648 is divided by 184?
176
Calculate the remainder when 329 is divided by 83.
80
What is the remainder when 84582 is divided by 42?
36
Calculate the remainder when 663 is divided by 219.
6
Calculate the remainder when 5821 is divided by 725.
21
What is the remainder when 2849 is divided by 102?
95
Calculate the remainder when 5425 is divided by 362.
357
Calculate the remainder when 2085 is divided by 1984.
101
Calculate the remainder when 4259 is divided by 55.
24
Calculate the remainder when 259700 is divided by 30.
20
Calculate the remainder when 6900 is divided by 5096.
1804
What is the remainder when 282952 is divided by 239?
215
Calculate the remainder when 15539 is divided by 93.
8
Calculate the remainder when 5417 is divided by 1480.
977
Calculate the remainder when 217221 is divided by 504.
501
Calculate the remainder when 9048 is divided by 62.
58
What is the remainder when 2235 is divided by 1117?
1
Calculate the remainder when 304699 is divided by 52.
31
What is the remainder when 25118 is divided by 1394?
26
What is the remainder when 1413 is divided by 1412?
1
What is the remainder when 3084330 is divided by 16?
10
Calculate the remainder when 11854 is divided by 485.
214
Calculate the remainder when 63228 is divided by 36.
12
Calculate the remainder when 2902 is divided by 1443.
16
Calculate the remainder when 85329 is divided by 24.
9
Calculate the remainder when 3892931 is divided by 12.
11
What is the remainder when 371 is divided by 44?
19
Wha